 o. What is the units digit of t?
2
Let f(y) = y**3 + 7*y**2 + 4*y - 4. Let p be f(-6). Suppose 5*a = p*a - 3. What is the units digit of ((-2)/(-2))/a - -14?
5
Let l be 2/4 + (-6)/(-4). Suppose t = -5 + l. What is the units digit of 8/(-12)*t/1?
2
Let j(t) = t - 8. Let v be j(-10). Let h = 41 + v. What is the units digit of h?
3
Let f be -1*(-1)/(4/(-112)). Let g = 43 + f. What is the tens digit of g?
1
Suppose 2*i + 5*n = n, 0 = n + 2. Suppose -r + 2*d + i = 0, 4 = -5*r - 2*d - 0*d. What is the units digit of 3 + r + (-4 - -5)?
4
Suppose m - 41 - 14 = 0. What is the tens digit of m?
5
Let k(z) = -z**2 - 20*z - 30. What is the tens digit of k(-12)?
6
Suppose 4*b - 1 = -q, q - 3*q + 8 = 2*b. Let h be b/2 - (-46)/(-4). What is the units digit of h*-1*3/6?
6
Let b(o) be the third derivative of o**6/45 + o**5/120 - o**3/6 + o**2. Let g(a) be the first derivative of b(a). What is the units digit of g(-1)?
7
Suppose -4 - 11 = -3*x, -5*r - 3*x + 105 = 0. Suppose 4 = t + 3*z, -3*t - 2*z + 3*z = r. Let c = 8 + t. What is the units digit of c?
3
Let n = 9 + 19. What is the units digit of n?
8
What is the units digit of 1 + (-2 - 1)/(2/(-36))?
5
Let m(j) = 2*j - 2. Let n be 1*3*(-4)/(-6). Let o be m(n). What is the units digit of 6/10*(o + 3)?
3
Let x be 2/2 + -2 - -8. Suppose 4*o - 23 = -3. Suppose x + o = 3*r. What is the units digit of r?
4
Suppose -2 = v - 0*v. What is the units digit of 1/(v*(-2)/36)?
9
Suppose -q = 2*l + 4, -2*q + 2*l + 0*l = -4. Suppose q*b + 8 = 2*b. Suppose -b*s = -5 - 19. What is the units digit of s?
6
What is the units digit of (-438)/(-27) - (-4)/(-18)?
6
Let j = -5 + 7. Suppose -j*a + 133 = 43. Suppose -3*u - 2*u + a = 0. What is the units digit of u?
9
Let t = 134 - 84. Suppose 2*w = -0*w + t. What is the tens digit of w?
2
Let x(h) = -4*h**3 - 3*h**2 - 2*h. Let i be x(-3). Let s = i - 61. What is the tens digit of s?
2
What is the units digit of 5*18*(-7 + 111/15)?
6
Suppose 2*d - 32 = -2*d. What is the units digit of d?
8
What is the tens digit of ((-11)/2)/(3/(-18))?
3
Suppose 0 = -4*y - 2*t + 12, 3*y - t - 5 - 4 = 0. Let s(o) = 3 + o**2 + y*o - 1 + o. What is the units digit of s(-5)?
7
What is the hundreds digit of 6/(-4)*3212/(-33)?
1
Let f = -11 - -7. Suppose -406 + 126 = -5*q. What is the units digit of q/10 - f/10?
6
Let q(n) = n**2 - 4*n + 11. What is the units digit of q(7)?
2
Let i be (2/(-4))/((-4)/32). Let t(j) = -j**2 - 7*j + 1. Let y be t(-6). Let x = y - i. What is the units digit of x?
3
Let m be (-1 + -2)*(-4 - -3). Suppose 0*o = 3*q - m*o - 63, 0 = 5*o. What is the units digit of q?
1
Let g = 83 - -93. What is the hundreds digit of g?
1
Let r be (4/5)/((-8)/(-20)). Suppose a - 2*f - 8 = 0, -8 = r*a - 3*a + 3*f. What is the units digit of a?
8
Suppose 3*b = 7 - 1. Suppose b*r + r = 6. Suppose -2*k + r + 12 = 0. What is the units digit of k?
7
Let u be -30*(7/(-2) + 3). Let l(p) = p**2 + 7*p - 6. Let n be l(-8). Suppose -n*h = 2*m - 24, -3*m + 6*h = 2*h - u. What is the units digit of m?
9
Suppose 6*k = 52 + 44. What is the units digit of k?
6
Let y be 5*(-1)/(-20)*20. Let s = 6 + -11. What is the units digit of ((-2)/y)/(2/s)?
1
Let n(t) = -t**2 + 5*t + 6. Let x be 1 - (1 - 5 - 1). Let d be n(x). Suppose 4*p = -g + 37, d = g - 5 - 0. What is the units digit of p?
8
Suppose -3*u + 14 = -2*u. Let l be (10/(-4))/((-7)/u). Suppose o - 16 = -l. What is the units digit of o?
1
Let h(o) = -186*o**3 - 2*o**2 - 5*o - 5. What is the tens digit of h(-1)?
8
Let p = 38 + -23. Suppose -p = -5*q + g, 2*q + 3*q + 3*g + 5 = 0. Suppose -q*b - 4*d = -24 - 4, -2*b - 5*d = -32. What is the units digit of b?
6
Suppose 11 = 3*o - 7. Let l be (-50)/o - 12/18. What is the units digit of 195/27 - (-2)/l?
7
Let i be ((-48)/14)/(2/(-14)). Suppose 4*h - 34 = j, -2*h + 0*h + 4*j = -i. Suppose 0 = -f + h + 2. What is the tens digit of f?
1
Suppose 3*d = -d + 8. Let o(j) = j**3 - 2*j**2 + j + 1. Let l be o(d). Suppose l*f - 21 = 3*n, -5*n + 21 = 3*f - n. What is the units digit of f?
7
Let d(t) = -t**2 + 7*t - 6. Let k be d(5). Suppose -2*p - k = -6*p. What is the units digit of p?
1
Let p(r) = -r**2 + 9*r - 10. Let w be p(8). Let m = w - -12. What is the units digit of m?
0
Let n be (0*1/(-3))/(-1). Suppose u + 3*u - m - 29 = 0, 2*m + 10 = n. What is the units digit of u?
6
Let t be (-276)/15 - 6/(-15). Let c = t + 13. Let n = c + 8. What is the units digit of n?
3
Let j(k) = 2*k - k - 4 + 0*k. Let g be j(7). Suppose 0*b + 28 = 3*b - 4*n, -3*n = g. What is the units digit of b?
8
Let l(w) = w**3 - w**2 + w + 10. Let v(d) = d**3 + 4*d**2 - 6*d - 5. Let j be v(-5). What is the units digit of l(j)?
0
Suppose -2*o + 6 = 2. Suppose 4 = -2*p + o*q + 24, 0 = 4*p + 2*q - 16. What is the units digit of p?
6
Let x = 3 + -1. Let v = x + -4. Let r = 7 + v. What is the units digit of r?
5
Let i = 18 + -22. What is the units digit of (-1)/i + 206/8?
6
Let o(h) = h - 3. Let c be o(3). Let u = 0 + c. Suppose 5*a = 4*w + 3, -a + 6 = w - u*w. What is the units digit of a?
3
Suppose -l - 3*b - 12 + 75 = 0, 0 = -l + 4*b + 63. Suppose g - 7*m - 8 = -3*m, -3*m = 5*g - l. What is the tens digit of g?
1
Let c(r) = r**2. Let a(h) = -4*h**2 + 7*h + 2. Let g(n) = a(n) + 3*c(n). What is the units digit of g(6)?
8
Let j be -3 + 13 + (-2 - 0). Let f = 3 + -6. Let m = f + j. What is the units digit of m?
5
Suppose 4*o + b = -b + 10, 3*b - 9 = -3*o. Suppose -2 = -c + o. What is the units digit of c?
4
Let h be (10/(-4))/(5/(-10)). Let l = 21 - h. Suppose -s = 5*o - 3, 2*o - l = -2*s - 3*o. What is the tens digit of s?
1
Let n = -76 + 127. Suppose 0 = -2*y - 17 + n. What is the units digit of y?
7
Let z(h) = 17*h**3 - 1. What is the tens digit of z(1)?
1
What is the tens digit of 6/27 - (-1108)/36?
3
Let r(t) = -t**2 - 8*t - 7. Let z be r(-6). What is the tens digit of 11/(-55) + 106/z?
2
Suppose -3*r - 2 = -4*r. Suppose 27 + 45 = r*l. What is the units digit of 4/18 + 64/l?
2
Let s = -77 - -45. Let z be 0 + (2 - 2) + s. What is the units digit of 3/(-2)*z/12?
4
Suppose 2 = 3*k + c - 0, c = -k. Let b = 0 + k. Let v = b + 0. What is the units digit of v?
1
Let x(s) = 6*s**2 - 1. Let t be x(-1). Suppose q = -0*q + t. Suppose 0*g = q*g - 25. What is the units digit of g?
5
Let l be (4/(-6))/(6/(-27)). Let o be (2*l)/(-3) + 5. Let x = 7 - o. What is the units digit of x?
4
Let s(i) = -14*i + 11. What is the units digit of s(-6)?
5
What is the tens digit of 18*((-9)/2)/(-3)?
2
Suppose -3*u = 4*o + 13, -25 = 5*o - 6*u + u. Let l = -1 - o. What is the units digit of l?
3
What is the units digit of ((-47)/(-2))/(((-6)/(-4))/3)?
7
Suppose 5*v + 0 = -n + 18, 0 = 2*v - 6. Suppose -3*l - 4*c - 6 = 11, c = n*l - 8. Suppose i - 4 - l = 0. What is the units digit of i?
5
Suppose 1607 = 5*q + 322. What is the hundreds digit of q?
2
Let d(n) = -n**3 + 8*n**2 - 2*n + 12. Let f be d(8). Let l be (-6)/(-10) - f/10. What is the units digit of 4 + 1*(2 - l)?
5
Let a = 3 + 1. Suppose -r - 33 = -a*r. Let c = -7 + r. What is the units digit of c?
4
Let r = 295 + -116. What is the hundreds digit of r?
1
Let g = 11 - 19. Let l be (-30)/7 + (-8)/(-28). What is the units digit of l/(g/18) - 2?
7
What is the hundreds digit of (-3 + 2 - -182) + 0?
1
Let z = 15 + -7. What is the tens digit of (z - -2) + (4 - 1)?
1
Suppose 3*t = -3*i + 4*i + 211, -4*t = 2*i - 288. What is the tens digit of t?
7
Let x(s) = s. Let l be x(3). Suppose k = 3*y - 2*k - 33, -2*y - l*k = -27. What is the units digit of y?
2
Suppose 3*c + 4*p = 5*p + 8, -3*c = 3*p. Let k be (0 - 1)/((-2)/14). Suppose -4*x + 0*m = -3*m - k, -m - c = -x. What is the units digit of x?
1
Suppose -f + 553 = 6*f. What is the units digit of f?
9
Let f = -5 + 9. Suppose 0 = -2*y - 3*t + 6, f*y + t = 12. What is the units digit of y + 0 + 4 + 3?
0
Let l = -2 - -5. Suppose -2*m = l*m. Suppose -16 = -2*t - m. What is the units digit of t?
8
Let k = -10 - -30. Suppose 2*l = -2*j + 26, 5*l - 4*j - 27 = k. What is the units digit of l?
1
Suppose 5*m - 2*x + 2 = 0, 5*m = 4*m - 2*x + 2. Let w = 4 + 4. Suppose m*a = 2*a - w. What is the units digit of a?
4
Suppose -11*q + 172 = -7*q. What is the units digit of q?
3
Let j(y) = 20*y + 13. What is the tens digit of j(4)?
9
Let t(x) = -x + 3. Let w be t(-5). Suppose -3*s + w = 35. Let f = 14 + s. What is t